1111011 (base 2) in base 9?
-386433
What is 59862 (base 12) in base 8?
353212
-311141 (base 9) to base 10
-184555
What is -6621651 (base 7) in base 16?
-c64b3
Convert 10103020 (base 4) to base 3.
220011011
1534541 (base 6) to base 11
61a97
-4641781 (base 9) to base 4
-21210032113
2162722 (base 9) to base 15
17ea62
Convert -912a73 (base 12) to base 7.
-25153050
Convert 10110001010010000101001 (base 2) to base 15.
79b398
What is -3088 (base 13) in base 9?
-10167
Convert 10010000010001000 (base 2) to base 12.
368b4
80d9b6 (base 15) to base 6
335110143
Convert -1151215 (base 6) to base 8.
-167433
Convert -1001000110010000101 (base 2) to base 7.
-2351101
What is 4702706 (base 9) in base 2?
1001101100011001010010
Convert -1233230310 (base 4) to base 8.
-1575464
What is 121456135 (base 7) in base 11?
4329202
What is -5bb4 (base 15) in base 13?
-8b66
What is 3235551 (base 7) in base 16?
609f0
-13300004 (base 5) to base 2
-100000110011101011
Convert -3000c (base 13) to base 9.
-140486
What is -9b1ba (base 15) in base 14?
-cba10
What is -123125 (base 6) in base 9?
-16158
What is 414230411 (base 5) in base 7?
20355243
Convert 101303210223 (base 4) to base 3.
22210010212110
-1bf012 (base 16) to base 5
-432042210
What is -503223 (base 7) in base 16?
-14cbb
627e6 (base 16) to base 3
202111101212
What is -373182 (base 15) in base 6?
-132351552
Convert -54122524 (base 6) to base 7.
-16401565
What is -1104143 (base 7) in base 8?
-411344
Convert -1033244 (base 6) to base 3.
-2121100201
What is -5b68a (base 12) in base 7?
-1023343
10130201211 (base 4) to base 14
2249db
-19a853 (base 12) to base 9
-761630
What is -171db (base 15) in base 5?
-4342211
542364 (base 7) to base 11
65016
Convert -3362321 (base 8) to base 16.
-de4d1
What is 13859d (base 16) in base 15?
1a4129
20c31c (base 13) to base 15
102edc
What is -1110110011001001 (base 2) in base 11?
-415a7
What is -2894328 (base 10) in base 9?
-5401240
100000010111101010010111 (base 2) to base 3
120222002221210
Convert -1849949 (base 10) to base 11.
-1053992
225032 (base 7) to base 15
bd6e
-504042 (base 10) to base 2
-1111011000011101010
d01a57 (base 14) to base 16
6ac20d
-13b494 (base 13) to base 11
-2aa0a8
Convert -42bd4 (base 15) to base 3.
-101202201001
Convert -353651 (base 8) to base 6.
-2331001
-1356425 (base 7) to base 9
-307118
Convert -4363a (base 11) to base 12.
-30792
Convert -111044142 (base 5) to base 12.
-1b60a6
Convert -bb96 (base 14) to base 12.
-16960
Convert 2764194 (base 10) to base 7.
32331606
Convert -120200112002222 (base 3) to base 6.
-454401255
10020001001 (base 3) to base 10
63451
What is -83977 (base 10) in base 4?
-110200021
1239c1 (base 14) to base 10
624821
2766a75 (base 11) to base 6
250104123
-102444 (base 12) to base 11
-163024
-17052153 (base 8) to base 14
-74cc43
What is 250000 (base 8) in base 13?
301c8
What is 629b33 (base 12) in base 5?
344123024
What is 475794 (base 10) in base 15?
95e99
Convert -2412212 (base 6) to base 11.
-8691a
Convert -39817 (base 14) to base 2.
-100010100011011101
Convert -1201201001 (base 3) to base 10.
-34048
What is -212010110112 (base 3) in base 14?
-bbc8a
What is 3c890 (base 13) in base 11?
78317
What is -205238 (base 9) in base 2?
-11101110001010100
What is 101001000111011000101 (base 2) in base 12?
54b805
Convert 1213202232 (base 4) to base 6.
13031250
-1b086c (base 14) to base 13
-278b8c
-7605275 (base 9) to base 12
-1448128
a9739 (base 11) to base 3
22002111012
What is 1310805 (base 10) in base 5?
313421210
237534 (base 8) to base 11
56474
Convert e5e4e (base 15) to base 12.
2b1955
Convert -1100001011110111 (base 2) to base 16.
-c2f7
Convert -11100010101110010 (base 2) to base 7.
-662301
-10111010011001101111 (base 2) to base 15
-101353
Convert -9485a2 (base 11) to base 16.
-172f1c
-2011011 (base 3) to base 7
-4402
Convert 12020220021 (base 3) to base 6.
2114524
101010000212111 (base 3) to base 14
9dc6bb
What is 11010001101001110 (base 2) in base 8?
321516
What is 9680486 (base 11) in base 12?
5852251
Convert 27476661 (base 8) to base 2.
10111100111110110110001
What is 108381 (base 10) in base 6?
2153433
Convert -137a44 (base 14) to base 2.
-10100100100111111100
What is 1000110110100000001 (base 2) in base 5?
33240144
1000011011100111011100 (base 2) to base 10
2210268
1677 (base 15) to base 4
1023211
Convert -4701345 (base 8) to base 4.
-10320023211
917e8 (base 15) to base 8
1603771
Convert -41dc01 (base 14) to base 16.
-21fe19
-118688 (base 9) to base 5
-4301013
What is -224152333 (base 6) in base 7?
-50011152
1010100110101110101 (base 2) to base 11
2180a8
Convert -a8a41 (base 11) to base 14.
-419a1
Convert 25552326 (base 8) to base 2.
10101101101010011010110
da920a (base 14) to base 7
116623113
43a9a (base 11) to base 7
354141
120332113 (base 4) to base 6
2105331
Convert 33203445 (base 6) to base 5.
223334044
Convert -306c4 (base 16) to base 3.
-101002001221
Convert -318474 (base 16) to base 14.
-606900
-444201122 (base 5) to base 11
-1108543
Convert -76a393 (base 11) to base 3.
-2022102211201
What is 245a4 (base 15) in base 12?
57191
-304e5 (base 16) to base 8
-602345
What is 10596522 (base 10) in base 15?
de4a9c
What is -259989 (base 13) in base 15?
-12da33
Convert 442240433 (base 5) to base 4.
13103203232
What is -48ee6 (base 15) in base 12?
-b2916
Convert -13132444 (base 5) to base 7.
-1052046
15024512 (base 6) to base 2
1111110001011111100
50e83 (base 15) to base 3
111000201020
-4417066 (base 9) to base 5
-1101424214
1000100000101011 (base 2) to base 8
104053
What is 320203131 (base 4) in base 11?
149047
-1110201133 (base 4) to base 12
-148427
-2402510 (base 8) to base 16
-a0548
Convert -1036724 (base 8) to base 14.
-73432
8c1a99 (base 13) to base 9
6215164
102554553 (base 6) to base 16
1bc2e5
What is 2c8423 (base 13) in base 10?
1103599
89755 (base 11) to base 13
47241
What is 202253201 (base 6) in base 2?
1101010000011101100001
Convert -263c1 (base 14) to base 2.
-10110111101100101
What is -123143511 (base 6) in base 15?
-3241a1
What is 21002402 (base 7) in base 8?
6570363
-15623 (base 7) to base 12
-268b
Convert 26d5d (base 14) to base 16.
176b7
3444234 (base 5) to base 13
22565
Convert 1211112101010 (base 3) to base 5.
222144241
What is -134a34 (base 11) in base 13?
-75399
Convert -11342464 (base 7) to base 15.
-14bdea
Convert 101101210202200 (base 3) to base 5.
2403331412
Convert 2478a (base 12) to base 6.
1021054
What is 38924 (base 13) in base 3?
12022202212
2333224 (base 6) to base 5
12340024
Convert 16735452 (base 8) to base 15.
524ce3
-743aa (base 15) to base 16
-5a046
What is -312244234 (base 5) in base 11?
-801695
What is -3226304 (base 7) in base 12?
-16b918
5300666 (base 9) to base 11
16669a0
-375693 (base 13) to base 15
-1b2d00
What is -1622162 (base 15) in base 8?
-75175630
-538a23 (base 12) to base 7
-14143143
-355444530 (base 6) to base 2
-11001100101111110100110
What is -63645610 (base 7) in base 12?
-1988a37
Convert 20321231033 (base 4) to base 16.
239b4f
-19a5680 (base 13) to base 10
-8466159
-555922 (base 11) to base 12
-368a44
30c98 (base 13) to base 6
1514352
-4d380 (base 14) to base 16
-2e654
-31650613 (base 7) to base 5
-1142421204
-3509c (base 14) to base 15
-283c1
19d92e (base 16) to base 13
474087
What is 100010000001000100000 (base 2) in base 11?
6a1504
What is 342010301 (base 5) in base 12?
611606
11204414 (base 6) to base 5
41440122
What is -100301201 (base 5) in base 3?
-202022221100
-101101222212 (base 3) to base 4
-302000231
What is 605e2d (base 15) in base 8?
21352076
What is 336cb4 (base 15) in base 10?
2453119
Convert a829a3 (base 11) to base 5.
420402002
-642724 (base 8) to base 12
-a4158
Convert 7a186 (base 12) to base 9.
267133
74772 (base 9) to base 15
e9d5
Convert -11681a1 (base 11) to base 13.
-56179a
Convert 740244 (base 9) to base 12.
192611
What is -116115315 (base 7) in base 6?
-420443120
Convert -27421551 (base 8) to base 11.
-3534220
What is 39a6 (base 11) in base 4?
1101032
-31111220203 (base 4) to base 7
-41501554
Convert -22728a4 (base 11) to base 9.
-7422727
112022211020201 (base 3) to base 4
131002312201
What is 28288 (base 16) in base 15?
33b0d
Convert 1023352530 (base 6) to base 8.
51165246
-133566605 (base 7) to base 16
-849617
Convert -3234021430 (base 5) to base 14.
-cc8b0